{"id":90,"date":"2025-08-27T16:45:20","date_gmt":"2025-08-27T14:45:20","guid":{"rendered":"https:\/\/www.asep.cat\/?page_id=90"},"modified":"2025-08-28T14:53:01","modified_gmt":"2025-08-28T12:53:01","slug":"reglament-ryder","status":"publish","type":"page","link":"https:\/\/papus.v6.rocks\/index.php\/reglament-ryder\/","title":{"rendered":"Reglament Ryder"},"content":{"rendered":"\n<p><strong>XV RYDER SENIORS EST\/OEST<\/strong><\/p>\n\n\n\n<ul class=\"wp-block-list\">\n<li><a href=\"#1Participants\" data-type=\"internal\" data-id=\"#1Participants\">1- PARTICIPANTS<\/a><\/li>\n\n\n\n<li><a href=\"#2Modalitats\" data-type=\"internal\" data-id=\"#2Modalitats\">2- MODALITATS DE JOC<\/a><\/li>\n\n\n\n<li><a href=\"#3FuncionsCapita\" data-type=\"internal\" data-id=\"#3FuncionsCapita\">3- FUNCIONS DEL CAPIT\u00c0<\/a><\/li>\n\n\n\n<li><a href=\"#4EntregaResultats\" data-type=\"internal\" data-id=\"#4EntregaResultats\">4- ENTREGA DE RESULTATS<\/a><\/li>\n\n\n\n<li><a href=\"#5HandicapJoc\" data-type=\"internal\" data-id=\"#5HandicapJoc\">5- HANDICAP DE JOC<\/a><\/li>\n\n\n\n<li><a href=\"#6CostosJugador\" data-type=\"internal\" data-id=\"#6CostosJugador\">6- COSTOS PER EL JUGADOR<\/a><\/li>\n\n\n\n<li><a href=\"#7CostosCamp\" data-type=\"internal\" data-id=\"#7CostosCamp\">7- COSTOS PER EL CAMP<\/a><\/li>\n\n\n\n<li><a href=\"#8ReglesDesempats\" data-type=\"internal\" data-id=\"#8ReglesDesempats\">8- REGLES I DESEMPATS<\/a><\/li>\n\n\n\n<li><a href=\"#9ComiteOrganitzador\" data-type=\"internal\" data-id=\"#9ComiteOrganitzador\">9- COMIT\u00c9 ORGANITZADOR<\/a><\/li>\n\n\n\n<li><a href=\"#10ComiteCompeticio\" data-type=\"internal\" data-id=\"#10ComiteCompeticio\">10- COMIT\u00c9 DE COMPETICI\u00d3<\/a><\/li>\n\n\n\n<li><a href=\"#11Desqualificacions\" data-type=\"internal\" data-id=\"#11Desqualificacions\">11- DESQUALIFICACIONS<\/a><\/li>\n\n\n\n<li><a href=\"#12Reclamacions\" data-type=\"internal\" data-id=\"#12Reclamacions\">12- RECLAMACIONS<\/a><\/li>\n\n\n\n<li><a href=\"#13SuspencioInclemencia\" data-type=\"internal\" data-id=\"#13SuspencioInclemencia\">13- SUSPENSI\u00d3 PER INCLEM\u00c8NCIA<\/a><\/li>\n\n\n\n<li><a href=\"#14CampsParticipants\" data-type=\"internal\" data-id=\"#14CampsParticipants\">14- CAMPS PARTICIPANTS<\/a><\/li>\n\n\n\n<li><a href=\"#15CalendariCompeticio\" data-type=\"internal\" data-id=\"#15CalendariCompeticio\">15- CALENDARI DE LA COMPETICI\u00d3 I HORARIS<\/a><\/li>\n\n\n\n<li><a href=\"#16Trofeus\" data-type=\"internal\" data-id=\"#16Trofeus\">16- TROFEUS<\/a><\/li>\n<\/ul>\n\n\n\n<p>Reglament 2025<\/p>\n\n\n\n<p id=\"1Participants\"><strong>1- PARTICIPANS<\/strong><\/p>\n\n\n\n<p class=\"has-small-font-size\">Tots els equips que estiguin inscrits en els Campionat Inter-camps Est o Inter-camps Oest, podran presentar jugadors<\/p>\n\n\n\n<p class=\"has-small-font-size\">Cada zona, establir\u00e0 una f\u00f3rmula, per seleccionar els seus 36 jugadors.<\/p>\n\n\n\n<p class=\"has-small-font-size\">Aquesta, ve especificada en l\u2019annexa.<\/p>\n\n\n\n<p id=\"2Modalitats\"><strong>2- MODALITATS DE JOC<\/strong><\/p>\n\n\n\n<p class=\"has-small-font-size\">La fase final es jugar\u00e0 amb les seg\u00fcents modalitats:<\/p>\n\n\n\n<p class=\"has-small-font-size\">\u00b7\u00a06 parelles Est contra 6 parelles Oest, modalitat Fourball Match Play Scratch<\/p>\n\n\n\n<p class=\"has-small-font-size\">\u00b7\u00a06 Parelles Est contra 6 parelles Oest, modalitat Greensome Match Play Scratch<\/p>\n\n\n\n<p class=\"has-small-font-size\">\u00b7\u00a012 individuals Est contra 12 individuals Oest, modalitat Match Play Scracth<\/p>\n\n\n\n<p class=\"has-small-font-size\">PUNTS EN JOC: &#8212; 24 &#8212;<\/p>\n\n\n\n<p class=\"has-small-font-size\">Repartiment de punts a la fase final:<\/p>\n\n\n\n<p class=\"has-small-font-size\">PUNTS PER PARTIT<\/p>\n\n\n\n<p class=\"has-small-font-size\">\u00b7 Guanyat 1<\/p>\n\n\n\n<p class=\"has-small-font-size\">\u00b7\u00a0Perdut 0<\/p>\n\n\n\n<p class=\"has-small-font-size\">\u00b7 Empatat 0,5<\/p>\n\n\n\n<p class=\"has-small-font-size\">Tots els partits es jugaran sota les normes Match Play<\/p>\n\n\n\n<p class=\"has-small-font-size\">Un partit es dona per finalitzat quant el nombre de forats guanyats per una parella, o un jugador individual, es superior al nombre de forats que resten per jugar.<\/p>\n\n\n\n<p class=\"has-small-font-size\">Cada zona EST i OEST, nominaran per la prova un c\u00e0pita i un ajudant de c\u00e0pita, tant un com el altre poden ser jugadors, si pr\u00e8viament han nominat un substitut<\/p>\n\n\n\n<p id=\"3FuncionsCapita\"><strong>3 \u2013FUNCIONS DEL C\u00c1PITA<\/strong><\/p>\n\n\n\n<p class=\"has-small-font-size\">El c\u00e0pita designar\u00e0 la composici\u00f3 del equip per la fase final, es a dir, designar\u00e0 las parelles i la seva modalitat de joc, tamb\u00e9 nominar\u00e0 els individuals. La data topall per designar els components i modalitats de jocs es el 03 de juny al mat\u00ed.<\/p>\n\n\n\n<p class=\"has-small-font-size\">Els capitans faran arribar la composici\u00f3 dels seus equips i les modalitats de joc a la Federaci\u00f3 de P&amp;P que creur\u00e0 els partits en funci\u00f3 dels HCP oficials.<\/p>\n\n\n\n<p class=\"has-small-font-size\">La Federaci\u00f3 enviar\u00e0 el llistat amb els encreuaments al camp.<\/p>\n\n\n\n<p class=\"has-small-font-size\">Com a cas excepcional, si un dels jugadors tingues una causa lo suficient important ( la valoraci\u00f3 de aquesta causa es far\u00e0 per el comit\u00e8 de competici\u00f3) que no li permet\u00e9s jugar la final, es podria substituir per un altre jugador.En el cas de que existeixi alguna dificultat a lo llarg de la competici\u00f3, per exemple desacord entre els jugadors per una regla de joc, es trucar\u00e0 als m\u00f2bils dels capitans perqu\u00e8 es personin en el lloc del incident i decideixin qui te ra\u00f3.<\/p>\n\n\n\n<p class=\"has-small-font-size\">En el cas de no posar-se d\u2019acord, es continuar\u00e0 el joc i ser\u00e0 el comit\u00e8 de competici\u00f3 qui decidir\u00e0 abans de l\u2019entrega del premi.<\/p>\n\n\n\n<p class=\"has-small-font-size\">En el cas de que es dones la situaci\u00f3 anterior, recordaran als jugadors l\u2019obligaci\u00f3 de deixar passar els jugadors que venen a continuaci\u00f3.<\/p>\n\n\n\n<p class=\"has-small-font-size\">El c\u00e0pita es el responsable de que el seu equip entregui els resultats al finalitzar la competici\u00f3.<\/p>\n\n\n\n<p class=\"has-small-font-size\">Els capitans notificaran al comit\u00e8 de competici\u00f3, quelcom irregularitat que hagi pogut passar, al llarg de la competici\u00f3<\/p>\n\n\n\n<p id=\"4EntregaResultats\"><strong>4- ENTREGA DE RESULTATS<\/strong><\/p>\n\n\n\n<p class=\"has-small-font-size\">Els resultats s\u2019entregaran al comit\u00e8 de competici\u00f3 que estar\u00e0 ubicat en el mateix lloc a on s\u2019han entregat les targetes per iniciar la competici\u00f3.<\/p>\n\n\n\n<p class=\"has-small-font-size\">Els resultats es notificaran de la seg\u00fcent manera:<\/p>\n\n\n\n<p class=\"has-small-font-size\">\u00b7\u00a0S\u2019han de presentar les dues parts competidores, notificant el resultat del match, i estant d\u2019acord les dues en el mateix.<\/p>\n\n\n\n<p class=\"has-small-font-size\">\u00b7 En el cas de que no es pogu\u00e9s donar un guanyador, es donar\u00e0 el partit per empatat.<\/p>\n\n\n\n<p id=\"5HandicapJoc\"><strong>5- HANDICAP DE JOC<\/strong><\/p>\n\n\n\n<p class=\"has-small-font-size\">Tots els jugadors jugaran amb handicap cero.<\/p>\n\n\n\n<p id=\"6CostosJugador\"><strong>6- COSTOS PER EL JUGADOR<\/strong><\/p>\n\n\n\n<p class=\"has-small-font-size\">El cost per cada jugador vindr\u00e0 definit en el annexa.<\/p>\n\n\n\n<p id=\"7CostosCamp\"><strong>7- COSTOS PER EL CAMP<\/strong><\/p>\n\n\n\n<p class=\"has-small-font-size\">El camp cobrar\u00e0 12\u20ac per jugador.<\/p>\n\n\n\n<p id=\"8ReglesDesempats\"><strong>8- REGLES I DESEMPATS<\/strong><\/p>\n\n\n\n<p class=\"has-small-font-size\">Aquest reglament est\u00e0 sotm\u00e8s a las regles generals de la Federaci\u00f3 Catalana de Pitch &amp; Putt i a les regles locals de cada camp.<\/p>\n\n\n\n<p class=\"has-small-font-size\">En el cas de que el partit acabes empatat a 12 punts, el resultat de la prova ser\u00e0 d\u2019empat. El trofeu el tindr\u00e0 en el seu poder el equip que NO hagi organitzat la final (Com exemple, ja que la primera Ryder es va jugar a Pitch &amp; Putt Lleida, si s\u2019hag\u00e9s donat l\u2019empat, el trofeu se\u2019l emportaria\u00a0Est), i aquest resultat no contar\u00e0 per l\u2019obtenci\u00f3 final del trofeu.<\/p>\n\n\n\n<p id=\"9ComiteOrganitzador\"><strong>9- COMIT\u00c9 ORGANITZADOR<\/strong><\/p>\n\n\n\n<p class=\"has-small-font-size\">El Comet\u00e9 organitzador estar\u00e0 format per:<\/p>\n\n\n\n<p class=\"has-small-font-size\">\u00b7\u00a0Un coordinador designat per el EST<\/p>\n\n\n\n<p class=\"has-small-font-size\">\u00b7 Un coordinador designat per el OEST<\/p>\n\n\n\n<p id=\"10ComiteCompeticio\"><strong>10- COMIT\u00c9 DE COMPETICI\u00d3<\/strong><\/p>\n\n\n\n<p class=\"has-small-font-size\">Estar\u00e0 integrat per el Comit\u00e8 de Competici\u00f3 del Camp i per un representant del Comit\u00e8 Organitzador i ser\u00e0 el responsable de resoldre les possibles reclamacions.<\/p>\n\n\n\n<p class=\"has-small-font-size\">El control de la prova es responsabilitat d\u2019aquest Comit\u00e8<\/p>\n\n\n\n<p id=\"11Desqualificacions\"><strong>11- DESQUALIFICACIONS<\/strong><\/p>\n\n\n\n<p class=\"has-small-font-size\">La desqualificaci\u00f3 per circumstancies del joc, la no presentaci\u00f3 d\u2019un jugador a qualsevol de les proves o no arribar a temps de jugar, equivaldr\u00e0 a la p\u00e8rdua del partit.<\/p>\n\n\n\n<p id=\"12Reclamacions\"><strong>12- RECLAMACIONS<\/strong><\/p>\n\n\n\n<p class=\"has-small-font-size\">Els jugadors podran presentar reclamacions una vegada finalitzada la prova al Comit\u00e8 de Competici\u00f3, que tindr\u00e0 que d\u2019actuar en conseq\u00fc\u00e8ncia i prendr\u00e0 una decisi\u00f3.<\/p>\n\n\n\n<p class=\"has-small-font-size\">Si no fos possible una resoluci\u00f3 passar\u00e0 la reclamaci\u00f3 a la Comissi\u00f3 Esportiva.<\/p>\n\n\n\n<p class=\"has-small-font-size\">La Comissi\u00f3 Esportiva est\u00e0 presidida per el Sr. Josep Oliva per part de EST i en Josep Balagu\u00e9 per OEST, en cas que intervingui, dictar\u00e0 una resoluci\u00f3 abans de l\u2019entrega del trofeu.<\/p>\n\n\n\n<p id=\"13SuspencioInclemencia\"><strong>13- SUSPENSI\u00d3 PER INCLEM\u00c8NCIA<\/strong><\/p>\n\n\n\n<p class=\"has-small-font-size\">El Comit\u00e8 de Competici\u00f3 i amb aquest cas el seu responsable, ser\u00e0 qui dictamini si una prova es te que suspendre parcialment per inclem\u00e8ncies del temps (hora de sortida mes tard) o definitivament, en cas que\u00a0la\u00a0prova no pugui jugar-se en la seva totalitat en la data indicada, es determinar\u00e0 nova data per la seva celebraci\u00f3.<\/p>\n\n\n\n<p id=\"14CampsParticipants\"><strong>14- CAMPS PARTICIPANTS<\/strong><\/p>\n\n\n\n<p class=\"has-small-font-size\">Ve determinada en el Annexa<\/p>\n\n\n\n<p id=\"15CalendariCompeticio\"><strong>15- CALENDARI DE LA COMPETICI\u00d3 I HORARIS<\/strong><\/p>\n\n\n\n<p class=\"has-small-font-size\">El partit ser\u00e0 el dia 19 de Juny del 2024, a les 10:30 hores.<\/p>\n\n\n\n<p id=\"16Trofeus\"><strong>16- TROFEUS<\/strong><\/p>\n\n\n\n<p class=\"has-small-font-size\">A la jornada final, s\u2019entregar\u00e0 el Trofeu al equip guanyador de la Ryder de forma provisional per 1 any, i de forma definitiva per el guanyador de la Ryder 3 anys consecutius o 5 de alternants.<\/p>\n\n\n\n<p class=\"has-small-font-size\">En el cas de que el partit hagi finalitzat amb empat, s\u2019aplicar\u00e0 la norma definida en el punt\u00a08 d\u2019aquest reglament<\/p>\n\n\n\n<p class=\"has-small-font-size\">El lliurament de trofeus, es far\u00e0 al dinar de cloenda de la competici\u00f3, en el camp a on es faci l\u2019acta final.<\/p>\n","protected":false},"excerpt":{"rendered":"<p>XV RYDER SENIORS EST\/OEST Reglament 2025 1- PARTICIPANS Tots els equips que estiguin inscrits en els Campionat Inter-camps Est o Inter-camps Oest, podran presentar jugadors Cada zona, establir\u00e0 una f\u00f3rmula, per seleccionar els seus 36 jugadors. Aquesta, ve especificada en l\u2019annexa. 2- MODALITATS DE JOC La fase final es jugar\u00e0 amb les seg\u00fcents modalitats: \u00b7\u00a06 [&hellip;]<\/p>\n","protected":false},"author":1,"featured_media":0,"parent":0,"menu_order":0,"comment_status":"closed","ping_status":"closed","template":"","meta":{"footnotes":""},"c2tw_page_folder":[],"class_list":["post-90","page","type-page","status-publish","hentry"],"_links":{"self":[{"href":"https:\/\/papus.v6.rocks\/index.php\/wp-json\/wp\/v2\/pages\/90","targetHints":{"allow":["GET"]}}],"collection":[{"href":"https:\/\/papus.v6.rocks\/index.php\/wp-json\/wp\/v2\/pages"}],"about":[{"href":"https:\/\/papus.v6.rocks\/index.php\/wp-json\/wp\/v2\/types\/page"}],"author":[{"embeddable":true,"href":"https:\/\/papus.v6.rocks\/index.php\/wp-json\/wp\/v2\/users\/1"}],"replies":[{"embeddable":true,"href":"https:\/\/papus.v6.rocks\/index.php\/wp-json\/wp\/v2\/comments?post=90"}],"version-history":[{"count":9,"href":"https:\/\/papus.v6.rocks\/index.php\/wp-json\/wp\/v2\/pages\/90\/revisions"}],"predecessor-version":[{"id":135,"href":"https:\/\/papus.v6.rocks\/index.php\/wp-json\/wp\/v2\/pages\/90\/revisions\/135"}],"wp:attachment":[{"href":"https:\/\/papus.v6.rocks\/index.php\/wp-json\/wp\/v2\/media?parent=90"}],"wp:term":[{"taxonomy":"c2tw_page_folder","embeddable":true,"href":"https:\/\/papus.v6.rocks\/index.php\/wp-json\/wp\/v2\/c2tw_page_folder?post=90"}],"curies":[{"name":"wp","href":"https:\/\/api.w.org\/{rel}","templated":true}]}}